*x**2 + x**2 - 1 + 0 + 3*x. List the prime factors of i(-2).
2
Let c be (-18)/8*(-392)/21. Let a = c - 25. What are the prime factors of a?
17
Let q be (-3 - (0 + -2)) + 3. Suppose -4*n = -3*w - 30, 0*n = -2*w + q*n - 18. Let o(j) = -2*j + 5. What are the prime factors of o(w)?
17
List the prime factors of 3/15 + (-102)/(-15).
7
Let r(y) = -y**3 - 3*y**2 - 4*y - 2. Suppose -5*z = -20 - 40. Suppose -z = 2*n + 2*n. What are the prime factors of r(n)?
2, 5
Let a(v) = -v**2 - 8*v - 3. Let g = -5 - 0. List the prime factors of a(g).
2, 3
Suppose 2*u + 18 = 8*u. Suppose 0 = -u*s + s + 84. What are the prime factors of s?
2, 3, 7
Let q = -37 + 65. Suppose q = c + 4*x, -3*c - x + 62 = -0*c. What are the prime factors of c?
2, 5
Suppose -5*j - 117 = 533. List the prime factors of 2/(-13) + (-5870)/j.
3, 5
Let r be 3 - (3/3 + 0). Suppose 0 = 3*z + 5*u - 0*u + 19, -5*z - r*u = 0. List the prime factors of z.
2
Let s be 4/((-2)/2 + 3). Suppose -9 = v - s*v. Let f = 18 - v. What are the prime factors of f?
3
Let q = 6 - 6. Suppose 5 = -q*n + n. What are the prime factors of n?
5
Suppose 13 + 11 = -j. Let n = 34 + j. List the prime factors of n.
2, 5
Let k(o) = 4*o - 2*o + o - 3. List the prime factors of k(10).
3
Suppose -3*c = -5*c + 98. List the prime factors of c.
7
What are the prime factors of (-84)/(-1)*((12 - 5) + -6)?
2, 3, 7
Let y be (0 + -5)*18/30. Let h(b) = -8*b. List the prime factors of h(y).
2, 3
Suppose p - 28 = -0*t + 2*t, 4*p + 31 = -3*t. Let y = t + 22. List the prime factors of y.
3
Suppose -2*p + 55 = -1. What are the prime factors of p?
2, 7
What are the prime factors of 2/(-5) - (1 - (-4242)/(-30))?
2, 5, 7
Let i = 1 - 3. Let h(r) = -3*r + 2. Let a(w) = -7*w + 3. Let k(q) = 3*a(q) - 5*h(q). What are the prime factors of k(i)?
11
Suppose 0 = -2*g + 7*g - 300. Suppose 4*p = -5*a - 65, -5*a - 3*p - g = 2*p. Let b = -6 - a. List the prime factors of b.
11
Suppose -a + 4 = -0. List the prime factors of (14 - 4)*2/a.
5
Suppose 0*h - 2*h = 154. Let s = 117 + h. What are the prime factors of s?
2, 5
List the prime factors of (-78)/(-4)*24/36.
13
Let b(a) = -a**2 + 4*a. Let s be b(4). Suppose 22 = 3*g - 5*z, s = -5*z + 6 - 1. List the prime factors of g.
3
Let w(b) = -b**3 - 3*b**2 + 3*b - 2. List the prime factors of w(-4).
2
Let c be 2 + 1 + 0/1. What are the prime factors of (-81)/18*(-10)/c?
3, 5
Let y(c) = 21*c - 13. List the prime factors of y(7).
2, 67
Suppose 5*x + 11 = 46. Suppose 4*r - r - u = x, 2*r = u + 3. Suppose 1 = -4*j + 5*d - r, -5*d = -5*j. List the prime factors of j.
5
Let m(l) = -l**3 + 9*l**2 - 9*l + 12. Let g be m(8). Let o = 5 - g. List the prime factors of (-2)/2 - (-12 + o).
2, 5
Let p(i) = 3*i**2 - 9*i - 8. List the prime factors of p(7).
2, 19
Suppose 4*p = 37 + 31. Suppose p + 3 = 5*t. What are the prime factors of t?
2
Let p(q) = -q**3 + 7*q**2 - 5*q - 4. Let z be p(6). List the prime factors of -1*(z + -7) - 0.
5
Let o(r) = 341*r + 121. Let f(t) = -17*t - 6. Let x(n) = -121*f(n) - 6*o(n). What are the prime factors of x(2)?
2, 11
Let x(l) = -l**3 + 17*l**2 - 28*l. List the prime factors of x(15).
2, 3, 5
Let w = 0 - 10. Let c be 2 + (2 + w - -1). List the prime factors of (-7 + 1)/(c - -4).
2, 3
Suppose c - 31 = -3*j + 22, 0 = 2*j - 8. What are the prime factors of c?
41
Suppose a = -11 + 1. Let d = 17 + a. What are the prime factors of (-2)/d - 516/(-42)?
2, 3
Let j(f) = -f**3 + 4*f**2 + 6*f + 5. Suppose -b + g + 0 = -3, 0 = -2*b - 2*g - 10. Let k be b/(((-6)/(-15))/(-2)). List the prime factors of j(k).
2, 5
Suppose 5*b - 68 = b. What are the prime factors of b?
17
Suppose 3*s = -2*c + 356 + 39, 550 = 4*s - 2*c. What are the prime factors of s?
3, 5
Suppose -16 = -2*a + 5*v, -2*v - 4 = 5*a - 15. Let g be ((-28)/6)/(2/a). What are the prime factors of 0 - (2/(-1) + g)?
3
Suppose 3*q = -5*l + 22, 5*q = 5*l - 18 - 12. Let z = 6 - l. Suppose 0 = 2*w - z - 3. What are the prime factors of w?
2
Suppose 4*d - 4*f - 96 = 0, -4*d + 0*f + 2*f + 96 = 0. List the prime factors of d.
2, 3
Suppose -24 = -4*f + 4. List the prime factors of f.
7
Let a(z) = -z**3 - 5*z**2 + 2. Let i be a(-5). Suppose 84 = -i*c - 2*c. What are the prime factors of c/(-2) - 2/4?
2, 5
Let c(w) = -9*w - 1. Suppose -4*f - f - 3*s - 27 = 0, 2*s + 5 = f. Let z be c(f). Let q = -15 + z. What are the prime factors of q?
11
Let l = -13 + 1. Let z = 39 + l. What are the prime factors of z?
3
Let j(m) be the third derivative of -m**6/120 - 7*m**5/60 - m**4/24 + 4*m**3/3 + 2*m**2. List the prime factors of j(-7).
3, 5
Suppose -4*r + 30 = r. Let j(x) be the third derivative of -x**5/60 + x**4/3 - 7*x**3/6 + x**2. What are the prime factors of j(r)?
5
Let i(r) = -r**3 - 7*r**2 - 10*r + 2. Let m be i(-5). List the prime factors of -6*(-1)/m*14.
2, 3, 7
Let g be (18/(-27) + 2/3)/1. Let h = 83 - 59. Suppose 5*k = -5*m + 70, g*m - m - 3*k + h = 0. List the prime factors of m.
3
Suppose 121 - 5 = 4*d. Suppose y = -0*y + d. Let x = y - 16. What are the prime factors of x?
13
Let i be -15*(-14)/(-6)*-2. Let b = i - 44. What are the prime factors of b?
2, 13
List the prime factors of (-1)/(-6) - 77*(-6)/36.
13
Let n be (-2 + 0 - -4)*2. Let x(k) = 2*k**2 - 4*k + 1. List the prime factors of x(n).
17
Suppose -3*l + 0*l + 21 = 3*m, 0 = 3*m - 4*l. What are the prime factors of (m/3 - 1)*27?
3
Let j be (-5)/((-15)/6) - -2. Suppose 0 = j*v - 0*v. Suppose -2*b + 20 = -v. What are the prime factors of b?
2, 5
Suppose -k + 2*q + 2 = 0, -1 = -2*k + 2*q - q. Let g(x) = -6*x + 1 + x + k. List the prime factors of g(-1).
2, 3
Let u be (1 + 3)*35/20. Suppose -5*g + u*g - 16 = 0. What are the prime factors of g?
2
Let u(r) = -45*r**3 + r**2 - r - 1. List the prime factors of u(-1).
2, 23
Suppose p - g + 75 = 2*p, 2*g - 372 = -5*p. List the prime factors of p.
2, 37
Suppose -4 = -t + 3. Let u(c) = c**2 - 9*c + 8. Let b be u(t). List the prime factors of ((-3)/2)/(b/56).
2, 7
Let n(d) = -4 - 2*d + 3 + 0 + 6*d**2 - d**3. List the prime factors of n(4).
23
Let y = -245 - -366. What are the prime factors of y?
11
Let l(u) = -u**2 + 7*u + 1. Let k be l(7). Let g be 0/k + (0 - -5). Suppose 0 = 4*x - v - v - 42, 0 = g*x + 4*v - 72. List the prime factors of x.
2, 3
Let r = 16 - 9. List the prime factors of r.
7
Suppose -3*c + 5*h - 1 = 3, 2*h = 5*c - 6. Suppose 0*g - c*g + 28 = 2*d, -25 = 5*g. Suppose 7 = -4*b + d. List the prime factors of b.
3
Let v(a) = -a**2 + 6*a + 8. Let o be v(6). Suppose 3*h - 51 = 4*x, 2*h - 34 = -o*x + 3*x. List the prime factors of h.
17
Let s(i) = -51*i + 2 + 44*i + 2 + 6*i**2 + i**3. What are the prime factors of s(-7)?
2
Suppose -2*f - 39 = -5*f. What are the prime factors of f?
13
Suppose 2*q + 2 - 8 = 0. Suppose -i = -c + 42 - 1, 2*c - q*i = 87. Suppose -a - 3*a = -c. What are the prime factors of a?
3
Suppose -d + 2*d + 2*u + 1 = 0, -d - u = 0. Suppose 7*j - 8 = 3*j. Let o = j + d. List the prime factors of o.
3
Let i be ((-6)/4)/(12/112). Let n(u) = -2*u + 7. Let l be n(-9). Let y = l + i. What are the prime factors of y?
11
Suppose 5*a = -3*x + 68, 52 = 4*a - 2*x + 5*x. Suppose 4*z = -z - 3*h + 3, 0 = 4*h + a. List the prime factors of z.
3
Let a = 8 - -41. What are the prime factors of a?
7
Let c(f) = 3*f**3. Let a be c(1). Suppose 4*o = a*o. Suppose o = -4*d - 4*t + 20, 4*d + 0*t = -t + 14. List the prime factors of d.
3
Let c(i) = -i**3 - 5*i**2 + i - 2. List the prime factors of c(-6).
2, 7
Suppose 0 = 3*a + k - 103, 0*a + a - 2*k - 32 = 0. List the prime factors of a.
2, 17
Let n be 1*(-1 + 16 + 2). List the prime factors of n - (-6)/(-9)*3.
3, 5
Let k(h) = 4*h**2 + h - 2. Let w be k(-2). Let o = 7 - 15. Let g = w + o. What are the prime factors of g?
2
Suppose 2 = a + 5*k, -a + 6*k + 22 = k. List the prime factors of (-12)/(-2) - a/(-4).
3
Let t(g) = g**3 - g**2 - 3*g - 1. Let f be t(3). Suppose -4*w + f = -a, -4*w + 8 = -4. Suppose a*j - 50 = -j. List the prime factors of j.
2, 5
Let c(k) = 4*k**2 - k - 2. Suppose 0 = -3*f + 6*f + 9. List the prime factors of c(f).
37
Suppose -9 - 15 = 4*o. Let a(j) = j**2 + 6*j + 9. List the prime factors of a(o).
3
Suppose 2*u + 10 = -4*m - 2, -3*u = -3*m. Let h(g) = 8*g**2 + 3*g + 1. What are the prime factors of h(u)?
3
Let d = -14 + 29. List the prime factors of d.
3, 5
Let y(n) = -n**3 - 3*n**2 - 7*n 